-4) is divided by n?
7
Let x = 685 - 659. Suppose -x = 4*r - 6, -4*f + 321 = -5*r. What is the remainder when f is divided by 20?
14
Suppose 5*z = -5*b, -z = -2*b - 3*b + 6. Let o be 4/((1 + b)*2/(-4)). Calculate the remainder when 14 is divided by 0 + (36/(-1))/o.
5
Let d(f) = 2*f**3 + 23*f**2 - 54*f - 48. What is the remainder when 674 is divided by d(-13)?
86
Suppose -12*t - 7*t + 5953 + 4782 = 0. What is the remainder when 567 is divided by t?
2
Let p = -38485 + 38495. Calculate the remainder when 3476 is divided by p.
6
Suppose 141*a + 36 = 145*a. Let l(u) = -4*u**2 + 40*u - 1. Calculate the remainder when 119 is divided by l(a).
14
Suppose 330 = 15*g - 2357 - 1018. What is the remainder when g is divided by 31?
30
Let m = -2233 + 2730. What is the remainder when m is divided by 101?
93
Suppose y + 5*t + 3 = 10*t, -4*t = -y. What is the remainder when (5 - 44/y)/(8/102) is divided by 9?
8
What is the remainder when (8880/(-300))/(-4*(-2)/(-60)) is divided by 14?
12
What is the remainder when 1595 is divided by 6 - 6 - 3 - 10*(-148)/8?
139
What is the remainder when 13515/9 + (-77)/(-231) is divided by 2?
0
Let o(h) = 181*h - 221. What is the remainder when 157 is divided by o(2)?
16
Let i be (26/(-4) - -7)*6. Suppose -i*j - 50 = -8*j. Calculate the remainder when 11 is divided by j.
1
Let v = 23028 + -22855. What is the remainder when 534 is divided by v?
15
Let h = -250 - -545. Let k = -195 + h. Calculate the remainder when k is divided by (-1*(-2 - -41))/(129/(-86)).
22
Suppose 4*v = 9*v - 265. Let i(z) = z**2 + 16*z + 50. Let n be i(-15). Let r = v - n. What is the remainder when r is divided by 4?
2
What is the remainder when (-723)/(-5)*((-8475)/(-452))/((-10)/(-24)) is divided by 2167?
6
Let k = 5146 - 4954. Calculate the remainder when 575 is divided by k.
191
Let v(f) = f**3 - 16*f**2 - f + 36. Let l be v(16). Suppose -2*y = -108 + l. What is the remainder when y is divided by 5?
4
Let z be (-1 + 0)*-2 + (58 - 66). Let s be z/(-5)*(-30)/(-9). Suppose -s*d + 2*d = -14. What is the remainder when 25 is divided by d?
4
Let h be (-1*(-8)/(-14))/(4/14). Calculate the remainder when 104 is divided by ((-36)/27)/(h/42).
20
What is the remainder when 292 is divided by -1*(-42 - -53) + 1*67?
12
Suppose 276 - 1380 = -16*x. Let r = 64 - x. Calculate the remainder when 111 is divided by 2/r + 1/(5/117).
19
Let k = -3103 - -3125. Calculate the remainder when 694 is divided by k.
12
Let s = 3 - -5. Let p be ((-35)/(-14))/((-2)/(-12)). Suppose p*c - 15 = 12*c. What is the remainder when s is divided by c?
3
Let y(c) = -23*c**3 + 4*c**2 + 5*c - 19. Calculate the remainder when y(-3) is divided by 613.
10
Let v be (-3)/(9/(-75)) - 11. Let h be ((-345)/6)/((-1)/2). Suppose -v*q = -9*q - h. What is the remainder when 112 is divided by q?
20
Let a(c) = 22*c**2. Let v be a(1). Suppose -v*t + 40 = -2*t. What is the remainder when 19 is divided by -2 + (7 - (t - 7))?
9
Suppose 3*x = -f + 207, 3*f - 341 = -263*x + 258*x. What is the remainder when 470 is divided by x?
50
Let y = 2895 - 2863. What is the remainder when 59 is divided by y?
27
Let g(q) = 33*q + 22. Let m be g(15). Suppose -3*v + 307 = j + j, 2*j - m = -5*v. Let r = 215 - v. What is the remainder when r is divided by 56?
54
Suppose 3*g = 2*u + 5*g + 422, 5*g = 5*u + 1065. Let w = -104 - u. Calculate the remainder when w is divided by 10.
8
Let a be -1 - 11/((-22)/(-228)). Let s = a + 262. Calculate the remainder when s is divided by -10 + 47 + (-6 - 0) + -1.
27
Suppose -2*f - 158 = -4*s, -s - 3*f - 123 = -4*s. Let o(a) = 15*a**2 + 5*a - 4. Calculate the remainder when o(4) is divided by s.
28
Let l be 15*((-2)/6)/((-8)/72). What is the remainder when 101 is divided by (l - 8) + (-5 - -1) - -1?
33
Suppose -4*o + 3*o = -2. Suppose -138*s - 122*s + 2*s + 4128 = 0. What is the remainder when s is divided by o?
0
Suppose -5*x + 3 = 23. Let n be (-4)/(-2) - (-3 + (-8)/x). What is the remainder when 35 is divided by 18 - (n + -1 + -3)?
16
Suppose 0 = 5*m - 25, 2*h + 5 + 0 = 3*m. Suppose h*y - n - 293 = 0, y - 5*n = -7 + 56. Calculate the remainder when 290 is divided by y.
54
Let u be 1/(6/4) + 382/(-6). Let b = -54 - u. Let w = -8 + 22. Calculate the remainder when w is divided by b.
5
Suppose -553 = -2*p + 3*i, -73*i - 563 = -2*p - 68*i. What is the remainder when p is divided by 250?
19
Suppose -w + 6*y + 36 = 0, 4*y - 4 = -2*w + 4. Calculate the remainder when 189 is divided by w.
9
Let j = -346 - -360. Suppose 39 = 3*f - 9. What is the remainder when f is divided by 6/(7 + (8 - j))?
4
Suppose a - 60 = 5*z, -7 = -4*z + 9. Let l(o) = 6*o**2 - 180*o + 35. Calculate the remainder when a is divided by l(30).
10
Suppose 0 = -3*y + 4*y - 49. Suppose 3*n + 2*r - 24 = 0, -16*r - 43 = -5*n + 171. Calculate the remainder when y is divided by n.
7
Suppose -7*a = -44*a + 4699. Calculate the remainder when a is divided by 72.
55
Let p be 3/(-4)*440/(-66). Suppose -115 = -p*t + 35. What is the remainder when 57 is divided by t?
27
Let b(m) = 5*m**2 - 1. Let g be -6*(9/(-24) + (-1)/8). Suppose 0 = -3*o + 5*j + g + 2, -4*o - 2*j + 50 = 0. Calculate the remainder when b(-2) is divided by o.
9
Suppose -i + 95 = -29. Suppose -8*h + i = -140. Let y(v) = v**2 - 6*v - 23. Calculate the remainder when y(-11) is divided by h.
32
Suppose 5*b - 64 = -4*a, a + 6 = 4*b + 43. Calculate the remainder when 818 is divided by a.
20
Let q be (2 - -1)*2*1/3. Suppose -u - 2*w + 56 = 0, 29 + 47 = 2*u - 5*w. What is the remainder when 1/((-1148)/(-2820) + q/(-5)) is divided by u?
45
Suppose -3*h = 2*y - 143, -3*y + 3*h + 207 = -0*y. Let c = y - 31. Calculate the remainder when 115 is divided by c.
37
Suppose 1058 = 5*k + 1028. Suppose k*d = -38 + 206. Calculate the remainder when 100 is divided by d.
16
Let m = 26769 + -26691. Suppose -2*l = -l + 5*x - 6, -l + 2*x + 20 = 0. Calculate the remainder when m is divided by l.
14
Suppose -3*s + 57 = 4*x - 34, x = -s + 31. Let y = -15 + 3. Let h = 19 + y. Calculate the remainder when s is divided by h.
5
Let u = -24058 + 24154. What is the remainder when 1727 is divided by u?
95
Suppose 39*h = 94*h - 10725. What is the remainder when h is divided by 43?
23
Let n = 2746 + -2487. Calculate the remainder when n is divided by 131.
128
Let x = 13223 + -13044. Calculate the remainder when 929 is divided by x.
34
Suppose 9*a = 6*a - u - 1109, a + 2*u + 378 = 0. Let l = 421 + a. Let p(y) = 3*y**2 + 3*y + 2. What is the remainder when l is divided by p(-2)?
5
What is the remainder when (-38)/532 + (-8275)/(-14) is divided by 293?
5
Suppose 0 = 2120*n - 2133*n + 897. Calculate the remainder when 1148 is divided by n.
44
Let y(c) = 807*c - 2376. What is the remainder when 2244 is divided by y(3)?
39
Let d be (-12)/1*459/18. Let o be (-36)/90 + d/10. Let y = 52 + o. What is the remainder when 61 is divided by y?
19
Let f(p) = 0 - 11 + 1 + 0 + 14*p. Suppose -4 = -13*b + 11*b. What is the remainder when 69 is divided by f(b)?
15
Suppose -y + 8*m - 12*m = -56, -6 = -3*m. Let a(q) = -31*q - 2. Calculate the remainder when a(-3) is divided by y.
43
Let k be 0 - 3/(-1 + 0). Let g = -703 - -702. What is the remainder when 10 is divided by (-7 - -6)*k*g?
1
Suppose 4*p - 2*p - 2*q + 2 = 0, -5*p = -4*q + 2. Suppose -5*s - p*n = -84, -s + 5*n + 12 = 7*n. What is the remainder when 89 is divided by s?
17
Suppose -4*y - y = -3*d - 16, 2*y - 7 = d. Suppose 15 = -y*k + 8*k. Calculate the remainder when (34/(-2))/(7/(-7)) is divided by k.
2
Let r(n) = 5*n**2 - 7*n + 50. Let l = 76 + -68. What is the remainder when r(l) is divided by 15?
14
Suppose -2*r = -140 + 36. Suppose 2*k - 5*p - 13 = 154, 0 = 4*k - 4*p - 376. Calculate the remainder when k is divided by r.
49
Let g be ((-4)/(-3))/(4 + 370/(-93)). Suppose 64*w = g*w + 8. Suppose -w*q = 3*u - 8 - 10, -5*q + 20 = 5*u. What is the remainder when q is divided by 4?
2
Suppose -3979*y = -3963*y - 752. What is the remainder when 129 is divided by y?
35
Suppose 2*v - 4*j = 340, -57*v - 4*j = -54*v - 460. What is the remainder when 174 is divided by v?
14
Let m = -6572 - -6695. What is the remainder when 162 is divided by m?
39
Suppose 30*b - 520 = 49 + 31. Suppose -w - 86 = -m + 2*w, w = 4. Calculate the remainder when m is divided by b.
18
Let o be 8/12*(-1 - -4)